?
False
Let f(w) = -67058*w**3 - 5*w**2 - 14*w - 10. Is f(-1) a composite number?
False
Let h = -64 - -64. Is h + (-2512)/(-6) - (-2)/6 composite?
False
Let t(n) = n**3 + 4*n**2 + 3*n. Let c be (-3)/(-1 + 2) - -1. Let x be t(c). Suppose 2*o = -x*o + 1916. Is o a composite number?
False
Suppose -4*k - 32648 = -4*q, 0 = 6*q - 8*q - 2*k + 16304. Is q a composite number?
True
Let x(i) = -i**3 - 267. Let z be x(0). Let y = 539 + -991. Let k = z - y. Is k a prime number?
False
Let h(p) = p**3 + 26*p**2 + 20*p + 50. Let j be (28/(-84))/(1/69). Is h(j) prime?
False
Suppose -2*u + 47667 + 124100 = 3*k, 3*u - 286277 = -5*k. Is k a composite number?
True
Suppose -438 = -0*i + 3*i. Let u = -19 - i. Is u a prime number?
True
Let s(v) = -48*v + 3. Let h(n) = 24*n - 1. Let w = 5 - 7. Let f(o) = w*s(o) - 5*h(o). Is f(-9) a prime number?
False
Suppose 6*a - 16*a = -22370. Is a composite?
False
Let y be (-4341)/(-12) + (-2)/(-8). Suppose 4*i + 9 = -l + i, 0 = -3*l + 3*i + 33. Suppose -l = 4*x - y. Is x a prime number?
True
Is (0 - -2) + (-2)/((-18)/9639) a composite number?
True
Let g(f) be the first derivative of -95*f**4/2 + f**3/3 - f**2/2 - f + 5. Is g(-1) prime?
True
Let g(c) = -c**3 - 14*c**2 + c + 19. Let p be g(-14). Suppose -p*r + 2*x + 4532 = -3037, -5*x = -2*r + 3036. Is r composite?
True
Let w be 14/6*435393/21. Suppose 12*t - 70003 = w. Is t prime?
False
Let s be (-6086)/51 + 2/(-3). Let g = 359 + s. Is g a prime number?
True
Let d(t) = t - 10. Let x be d(11). Is 2048 - (x - 10)/(-3) a composite number?
True
Suppose -4*h = -5*h - 217. Let q = h + 490. Suppose q - 942 = -3*z. Is z a composite number?
False
Suppose -378*f = -408*f + 336390. Is f composite?
False
Let n = 38448 - 20329. Is n prime?
True
Suppose 4*q - 2*w - 2 = 2*q, -3*q + 7 = w. Is 2/4 + -1881*(-1)/q composite?
False
Suppose 7*n - 11359 = 9179. Suppose -n = -5*r + 11761. Is r a composite number?
False
Suppose 5*d = 2*l + 2, 7*l - 9*l - 2 = 0. Suppose -3*a - 7025 = -2*b, d = -4*b - 9*a + 12*a + 14035. Is b a prime number?
False
Suppose -6*i + 133 = 1. Let h = i + 531. Is h a prime number?
False
Suppose 4*w = -3*s + 48, 3 + 1 = -s. Let h = 12 - w. Is (1/h)/((-5)/2325) prime?
False
Let u be 408 + 3 + 4*(-3)/(-3). Suppose v - 2*o + u - 2330 = 0, 0 = v + o - 1903. Is v composite?
False
Let d be -3 + (7 - 5/(-5)). Suppose -d*m - 1693 + 6023 = 5*v, -1735 = -2*m - 3*v. Is m a composite number?
False
Let w = 26 - 17. Suppose 4*l + w = 5. Let r(z) = -223*z. Is r(l) prime?
True
Let n be ((-12)/(-30))/((-3)/(-45)). Let y be (0*3/n)/1. Suppose y*q = 2*q - 358. Is q prime?
True
Let t be (2/(-4))/(1/(-6)). Is (-10 + t)*-7 + 2 prime?
False
Suppose o - 2 = 1. Suppose 0 = -3*y + 4*v + 538, -3*v - 107 - 433 = -o*y. Suppose 2*g + y = 9*g. Is g prime?
False
Let f(n) = -n**3 + n**2 - n + 43. Is f(-22) a prime number?
True
Let s(l) = l**3 + 2*l**2 + 16*l + 10. Let v(u) = -16*u**3 + u**2 + 2*u + 1. Let y be v(-1). Suppose y = 3*n - 5. Is s(n) a prime number?
True
Suppose -12*d - d = 27001. Let a = d + 2915. Is a composite?
True
Let d = -2 + -4. Let r(o) = -o**3 + 4*o**2 + 10*o - 7. Is r(d) a composite number?
False
Let g(r) = r**2 + 8*r + 5. Let w be g(-8). Suppose -w*p = -v + 191, v - 151 - 48 = 3*p. Is v a composite number?
False
Let b(i) = 3*i**2 - 51 + 21 + 25 + 3*i. Is b(3) a composite number?
False
Suppose 9 = 2*p - 4*z + 5*z, 5*p = 4*z + 16. Suppose 5*y - 3*l = -6*l + 1420, 0 = p*l. Is y + (-1)/2*-6 a prime number?
False
Let i = -428 - -47. Let s = 698 + i. Is s prime?
True
Let s = -73 - -75. Suppose w + 4*w - g - 2790 = 0, -s*w + 2*g + 1124 = 0. Is w composite?
False
Let k = 29358 + 8903. Is k prime?
True
Let x(m) = -m**3 - 10*m**2 - 9*m + 10. Let t be x(-9). Let k(i) = -2*i**2 + 2*i + 19. Let s be k(t). Is (5 - 4)*-2 - s prime?
False
Let u(r) = r**3 + 14*r**2 + 9*r - 19. Is u(-10) a composite number?
True
Suppose 0 = n + n - 4. Suppose -522 = -n*q - 148. Suppose -108 - q = -5*h. Is h prime?
True
Suppose 5*q + 2*z + 5480 = 9*q, -5*z = -4*q + 5486. Is q a prime number?
False
Let z = 76 - -1001. Is z a prime number?
False
Let k(b) = -b**3 + b**2 - 2*b + 19350. Let q be k(0). Suppose 5*s - 22159 - 2006 = -2*w, 2*w = 4*s - q. Is s composite?
True
Let y be 3 - (-2 + 3 - 7). Suppose 0*n - 5*d - 10 = -3*n, 2*n - y = d. Suppose -4*o + 4696 = -b + 500, 0 = -4*o + n*b + 4196. Is o prime?
True
Suppose 55*s = 63*s - 351112. Is s composite?
False
Suppose -6*k = -5*k - 3. Suppose k = 2*l - 3. Suppose -l*i = 2*i - 3*h - 307, 5*h + 315 = 5*i. Is i a composite number?
False
Suppose -m - f = 6, 3*f - 2 = -2*m - 18. Let z be (4 - 5)/(m/8). Suppose 0 = -5*c - u + 90, z*u + 53 = -5*c + 128. Is c a prime number?
True
Suppose -12 = k - 5*k. Let g = 1 + k. Is g prime?
False
Let p = -43 + 43. Is p - ((-1)/(-1) + -260 + 2) a composite number?
False
Let k(u) = 380*u**2 + 27*u + 35. Is k(-6) a composite number?
False
Suppose 0 = 23*k - 30*k + 21343. Is k prime?
True
Let h(a) = a - 1. Let m(t) = -7*t + 9. Let z(d) = -6*h(d) - m(d). Let v be z(8). Is (-4070)/v*2/(-4) a prime number?
False
Suppose r = 0, -u + 2 + 0 = r. Suppose 2*a - c - 7 = -u*c, 5*a - c = 28. Suppose i = 4*v - i - 82, 0 = a*v + 3*i - 108. Is v composite?
True
Suppose k = -c + 167, 0 = -4*c - 2*k + 409 + 253. Let v = c + -85. Is v prime?
True
Let r(d) = 98*d**2 + 2*d - 1. Let q(k) = k**2 - 4*k + 3. Let t be q(3). Let g be (-2)/((1 - t)*-1). Is r(g) composite?
True
Suppose 2*z = -t + 7*z + 5, t - 3*z - 5 = 0. Suppose 0*u = t*u + 4*o - 15739, -o - 9457 = -3*u. Is u composite?
True
Suppose 4*p - c = 37, -3*p = -c - 5 - 24. Suppose 0 = -p*j + 10*j - 254. Is j composite?
False
Let a(z) be the third derivative of -z**5/60 - 3*z**4/4 - 7*z**3/2 - 50*z**2. Is a(-16) composite?
False
Let z = -5400 - -8651. Is z prime?
True
Let h(q) = q**2 + 4*q + 1. Let w be h(0). Is ((-1 - w) + -1)/((-18)/2874) prime?
True
Let q = -2200 + 12779. Is q a prime number?
False
Suppose 0 = 9*l + 3*l - 240. Is 2*1693*1*10/l a prime number?
True
Suppose -4*t + j - 1724 = 0, 3*t + 621 + 667 = 2*j. Let m = -61 - t. Is m a prime number?
False
Suppose -5*a + 11 = -2*i, 4 = -2*a - 3*i - 3. Suppose -15 = 2*v - 5, 4*v + 30 = 5*j. Is ((-354)/(-12))/(a/j) composite?
False
Suppose 2*u + 11*d - 3100 = 9*d, 3*u - 4671 = 4*d. Is u a prime number?
True
Let o be -3*(8/(-3) - -1). Suppose 0*x - 17 = -x - 4*y, o*x - 28 = -y. Suppose x*p - 2*d + 7*d - 1460 = 0, 3*d - 1462 = -5*p. Is p a composite number?
False
Let c = -45 - -77. Suppose -30*h + c*h - 3514 = 0. Is h composite?
True
Let u be 0 - 6/(-2) - (-3)/1. Suppose 5*a + u*p - 860 = 3*p, p + 502 = 3*a. Is a a prime number?
False
Suppose 2*k - q = 5*k - 11, 19 = 2*k + 3*q. Let o be (-97)/((0 - -1)/k). Let h = o - -913. Is h a composite number?
False
Let v = -40 + 40. Suppose 5*f - 3409 = -5*q + 5371, v = 2*f + 5*q - 3503. Is f prime?
True
Let y(m) = -52*m + 12. Let v be y(-9). Let p = v - 9. Suppose 0 = 4*w - w - p. Is w a prime number?
True
Is (-787)/(-5 - -7 - 94/46) a composite number?
True
Let w be (-3524)/(-6) + (-1)/3. Suppose -5 + 6 = a. Suppose -w = -5*d + 4*h, d - 126 - a = -4*h. Is d a prime number?
False
Let y = 33 + -38. Let k(b) = -127*b - 4. Is k(y) a prime number?
True
Let i(k) be the third derivative of 37*k**5/60 - k**4/8 - 17*k**3/6 + 24*k**2. Is i(-4) composite?
False
Let o = -21 + 26. Let k = o + -13. Let u(x) = x**3 + 11*x**2 + 5*x - 9. Is u(k) composite?
True
Suppose -3*b - 2*t = 695, -3*b - t - 2*t - 699 = 0. Let z = b - -1118. Is z prime?
False
Let b(p) = 5*p**2 - 8*p + 5. Let q be b(4). Let x = -616 + 880. Let a = x - q. Is a a prime number?
True
Is (-7088)/(-10) - ((-54)/(-30) + -2) a composite number?
False
Let w(s) = -s**2 - 7*s - 6. Suppose 5*f + 39 = 14. Let z be w(f). Suppose -296 = -z*x + 80. Is x composite?
True
Suppose 88*t - 1914622 = 26*t. Is t a composite number?
False
Let y(q) = 102*q**2 + 8*q + 4. Let d be (1 - -2) + 2*-3. Let i be y(d). Suppose 0 = 4*t - 3*o - 713, 0 = -5*t - 2*o - o + i. Is t composite?
False
Let f(j) = 17*j**2 + 31*j - 86. Let p(m) = 8*m**2 + 16*m - 43. Let z(y) = -2*f(y) + 5*p(y). Is z(-15) a prime number?
False
Let t = -8 + 11. Suppose 9*i - t*i = 0. Suppose 6*w - 8*w + 66 = i. Is w a composite number?
True
Suppose 0 = -w - 0*w + 5499. Let q be w/65 + 2/5. Suppose 71 = 4*f - q. Is f a composite nu